tor of 43056?
False
Is 564 a factor of 46051?
False
Is 8729775 a multiple of 243?
True
Does 338 divide 23824606?
True
Does 91 divide 1010584?
False
Does 38 divide 1631161?
False
Is 315675 a multiple of 183?
True
Is 10 a factor of 527640?
True
Is 20 a factor of 8178080?
True
Is 111 a factor of 76437?
False
Is 17447 a multiple of 24?
False
Is 195840 a multiple of 34?
True
Is 143 a factor of 16768466?
True
Is 221 a factor of 12840619?
False
Is 64 a factor of 19121997?
False
Is 60 a factor of 10962468?
False
Is 1155 a factor of 4199776?
False
Is 1489763 a multiple of 5?
False
Is 1212598 a multiple of 8?
False
Is 65 a factor of 223273?
False
Is 5 a factor of 66380?
True
Is 58645 a multiple of 185?
True
Is 87576 a multiple of 178?
True
Is 18 a factor of 22032?
True
Does 124 divide 4250907?
False
Is 173073 a multiple of 7?
False
Does 412 divide 314514?
False
Is 23 a factor of 35594?
False
Is 5 a factor of 2571475?
True
Is 3779419 a multiple of 49?
True
Is 248 a factor of 4923626?
False
Is 143 a factor of 168597?
True
Does 12 divide 10338564?
True
Is 80 a factor of 10676136?
False
Is 133917 a multiple of 37?
False
Is 1323761 a multiple of 71?
False
Does 41 divide 32595?
True
Does 355 divide 2335900?
True
Is 793 a factor of 8053953?
False
Is 8405584 a multiple of 22?
True
Is 406704 a multiple of 229?
True
Does 11 divide 20940?
False
Does 313 divide 14613404?
False
Is 3473 a multiple of 106?
False
Is 101 a factor of 184067?
False
Is 259072 a multiple of 736?
True
Is 114865 a multiple of 64?
False
Does 191 divide 394033?
True
Is 28 a factor of 1379575?
False
Is 291618 a multiple of 6?
True
Does 10 divide 2746490?
True
Is 187010 a multiple of 4?
False
Is 236 a factor of 6982511?
False
Is 82 a factor of 210740?
True
Does 19 divide 1474692?
False
Is 19 a factor of 328078?
False
Is 49 a factor of 8640954?
True
Is 4993516 even?
True
Does 67 divide 1086526?
False
Is 421 a factor of 2170741?
False
Does 28 divide 42816?
False
Is 1048971 a multiple of 717?
True
Is 3 a factor of 22221?
True
Does 104 divide 1167237?
False
Is 436521 a multiple of 11?
False
Is 237 a factor of 1547651?
False
Does 15 divide 32265?
True
Is 665415 a multiple of 155?
True
Does 39 divide 9795098?
False
Does 152 divide 32528?
True
Is 83 a factor of 271825?
True
Is 840673 a multiple of 25?
False
Is 1508 a factor of 1939765?
False
Is 2165361 a multiple of 17?
False
Is 35334 a multiple of 151?
True
Is 68 a factor of 1100562?
False
Does 48 divide 1080912?
True
Is 62 a factor of 3548409?
False
Is 458685 a multiple of 9?
True
Does 4 divide 271?
False
Is 358 a factor of 198683?
False
Does 54 divide 227184?
False
Does 462 divide 752598?
True
Does 63 divide 2060837?
False
Is 556920 a multiple of 14?
True
Does 12 divide 3575748?
True
Does 287 divide 271521?
False
Is 1329 a factor of 1775544?
True
Is 4743214 a multiple of 274?
True
Does 1848 divide 3976896?
True
Is 367577 a multiple of 497?
False
Is 19 a factor of 110735?
False
Does 9 divide 680526?
True
Is 6025919 a multiple of 43?
False
Is 250263 a multiple of 27?
True
Does 827 divide 29772?
True
Does 80 divide 502329?
False
Is 8771958 a multiple of 80?
False
Does 1134 divide 7896042?
True
Is 125 a factor of 16371?
False
Is 617210 a multiple of 55?
True
Is 16321720 a multiple of 404?
False
Is 222 a factor of 183150?
True
Is 82 a factor of 847745?
False
Does 3 divide 183495?
True
Is 346 a factor of 428202?
False
Is 471380 a multiple of 49?
True
Is 193509 a multiple of 74?
False
Is 28 a factor of 1322548?
False
Does 49 divide 926426?
False
Does 5 divide 1457550?
True
Does 27 divide 7703599?
False
Is 33 a factor of 125631?
True
Is 281 a factor of 1051502?
True
Does 185 divide 324664?
False
Is 444662 a multiple of 11?
False
Is 8 a factor of 344064?
True
Is 16 a factor of 369768?
False
Is 3 a factor of 319303?
False
Is 4479364 a multiple of 646?
True
Is 961 a factor of 6095919?
False
Does 57 divide 490139?
False
Does 38 divide 100738?
True
Is 144 a factor of 1500048?
True
Is 25 a factor of 1175541?
False
Is 15 a factor of 4591692?
False
Is 744751 a multiple of 194?
False
Is 1106892 a multiple of 54?
True
Does 856 divide 1017897?
False
Does 10 divide 20817?
False
Is 47 a factor of 376141?
True
Does 37 divide 218599?
False
Is 21 a factor of 310193?
False
Is 340659 a multiple of 407?
True
Does 32 divide 833013?
False
Does 389 divide 214339?
True
Is 2170591 a multiple of 56?
False
Is 392988 a multiple of 6?
True
Is 111352 a multiple of 22?
False
Is 31 a factor of 210875?
False
Is 6267578 a multiple of 977?
False
Is 9263052 a multiple of 54?
True
Is 11 a factor of 425815?
False
Is 5 a factor of 76430?
True
Is 27 a factor of 59919?
False
Is 2508307 a multiple of 15?
False
Is 28 a factor of 1689178?
False
Is 147514 a multiple of 3?
False
Is 5875 a multiple of 47?
True
Does 76 divide 60496?
True
Does 949 divide 1637025?
True
Is 129 a factor of 12607?
False
Is 320 a factor of 89280?
True
Does 178 divide 156640?
True
Is 2043420 a multiple of 15?
True
Does 73 divide 240754?
True
Is 28 a factor of 103683?
False
Does 5 divide 5395?
True
Is 11 a factor of 244132?
False
Is 1756045 a multiple of 37?
False
Is 71491 a multiple of 24?
False
Is 9 a factor of 18423?
True
Is 18 a factor of 46620?
True
Is 50 a factor of 143373?
False
Is 26 a factor of 5349269?
False
Is 85 a factor of 2415615?
True
Does 19 divide 8399425?
True
Is 4353384 a multiple of 26?
False
Is 70 a factor of 61830?
False
Does 708 divide 3820737?
False
Is 515096 a multiple of 4?
True
Does 7 divide 11891969?
False
Is 6 a factor of 145515?
False
Is 231448 a multiple of 55?
False
Does 95 divide 179360?
True
Is 53 a factor of 11939082?
False
Is 19922284 a multiple of 73?
True
Is 8138730 a multiple of 464?
False
Is 1850 a factor of 12626163?
False
Does 9 divide 5468776?
False
Does 119 divide 533596?
True
Is 2686238 a multiple of 1098?
False
Is 66745 a multiple of 48?
False
Is 311980 a multiple of 10?
True
Does 104 divide 103272?
True
Is 500273 a multiple of 23?
True
Is 1222102 even?
True
Is 67 a factor of 1961693?
True
Is 16 a factor of 14151188?
False
Is 4 a factor of 46561?
False
Is 19902 a multiple of 31?
True
Is 183 a factor of 171837?
True
Does 569 divide 85509?
False
Is 280090 a multiple of 206?
False
Is 793907 a multiple of 14?
False
Is 5559875 a multiple of 475?
True
Does 148 divide 790375?
False
Is 18 a factor of 1122156?
True
Does 12 divide 487155?
False
Is 9 a factor of 1284291?
True
Is 59 a factor of 149856?
False
Is 4 a factor of 558210?
False
Does 13 divide 1104446?
False
Is 1041 a factor of 3258330?
True
Is 9 a factor of 3455982?
True
Is 304614 a multiple of 41?
False
Is 32 a factor of 10820?
False
Is 163 a factor of 179575?
False
Does 1878 divide 9194269?
False
Is 226708 a multiple of 157?
True
Does 14 divide 1126926?
False
Is 74133 a multiple of 3?
True
Is 978799 a multiple of 7?
False
Is 13 a factor of 2223014?
False
Is 8768944 a multiple of 8?
True
Is 94770 a multiple of 39?
True
Is 135 a factor of 388665?
True
Is 9 a factor of 7866?
True
Does 138 divide 593262?
True
Is 18 a factor of 191120?
False
Is 424 a factor of 14249629?
False
Does 202 divide 93930?
True
Is 3783744 a multiple of 192?
True
Does 102 divide 27234?
True
Is 111 a factor of 679082?
False
Is 7 a factor of 4966304?
True
Is 23757 a multiple of 44?
False
Is 1280751 a multiple of 187?
False
Does 430 divide 232630?
True
Is 184 a factor of 542616?
True
Is 27 a factor of 355077?
True
Is 3788120 a multiple of 386?
False
Is 934560 a multiple of 720?
True
Does 230 divide 369380?
True
Is 20635 a multiple of 8?
False
Is 14331 a multiple of 5?
False
Does 44 divide 4068260?
False
Is 61905 a multiple of 54?
False
Does 362 divide 674910?
False
Is 218532 a multiple of 13?
False
Is 82 a factor of 223150?
False
Is 376 a factor of 623032?
True
Is 97466 a multiple of 15?
False
Does 61 divide 63373?
False
Does 295 divide 8332676?
False
Is 3052 a multiple of 109?
True
Does 54 divide 231336?
True
Is 68843 a multiple of 192?
False
Is 38 a factor of 8664532?
True
Does 164 divide 321076?
False
Does 14 divide 5737256?
True
Does 42 divide 734624?
False
Is 196762 a multiple of 31?
False
Is 235 a factor of 350045?
False
Does 97 divide 93805?
False
Is 6 a factor of 327134?
False
Is 630444 a multiple of 321?
True
Is 11 a factor of 885258?
True
Is 57213 a m